
Let p(t) = -t**3 + 106*t**2 + 2979*t + 200. Determine p(-23).
-76
Let v(a) = 1284*a + 37831. Give v(-30).
-689
Let s(y) = -95*y**2 - 379*y - 270. Give s(-3).
12
Let o(j) = -j**3 + 45*j**2 - 471*j - 29. Calculate o(18).
241
Let k(b) = 2*b**3 + 8*b**2 - 108*b - 81. Give k(9).
1053
Let n(y) = 1978*y + 278897. Calculate n(-141).
-1
Let o(b) = -243*b + 64733. Give o(262).
1067
Let p(m) = -2*m**2 + 561*m + 2816. Give p(-5).
-39
Let p(j) = -4*j**2 + 961*j + 717. Determine p(241).
-6
Let t(l) = 524*l + 229982. Calculate t(-439).
-54
Let o(j) = -j**3 + 136*j**2 + 297*j - 3074. What is o(138)?
-176
Let y(w) = 303*w - 218. What is y(-4)?
-1430
Let v(b) = b**3 - 35*b**2 - 312*b + 764. Determine v(42).
8
Let z(r) = 169*r - 2789. Calculate z(16).
-85
Let w(d) = 594208*d - 7724717. Determine w(13).
-13
Let t(q) = -1101*q - 5150. Give t(-4).
-746
Let z(w) = -w**2 - 356*w + 302422. Determine z(400).
22
Let x(j) = j**3 + 64*j**2 - 373*j - 36788. Determine x(-60).
-8
Let s(z) = -39576*z - 435356. What is s(-11)?
-20
Let w(j) = 69*j + 1844. Determine w(-17).
671
Let b(t) = t**3 + 61*t**2 - 643*t - 892. Determine b(-70).
18
Let z(y) = 9365*y + 4635722. Give z(-495).
47
Let z(n) = -312*n**2 - 746*n + 603. What is z(-3)?
33
Let j(b) = 3*b**2 - 99109*b + 2277916. What is j(23)?
-4
Let a(v) = -86491*v + 518920. Calculate a(6).
-26
Let l(d) = 20*d**2 - 85*d + 39. Give l(4).
19
Let o(j) = -80077*j - 641086. What is o(-8)?
-470
Let q(d) = -17*d**3 - 183*d**2 - 154*d - 2236. Determine q(-11).
-58
Let w(u) = -259*u**2 - 11151*u + 203. What is w(-43)?
805
Let v(a) = 6*a**3 - 81*a**2 + 3692*a - 47475. Give v(13).
14
Let s(y) = -3*y**2 - 784*y + 482193. Calculate s(291).
6
Let d(y) = -y**3 - 39*y**2 + 136*y - 562. Give d(-42).
-982
Let m(t) = t**2 - 9283*t - 130154. Calculate m(-14).
4
Let q(w) = -w**3 - 5*w**2 - 5745*w - 46116. Calculate q(-8).
36
Let c(o) = 6078*o + 41449. What is c(-7)?
-1097
Let j(y) = 3*y**3 + 31*y**2 + 170*y + 2192. Determine j(-11).
80
Let d(s) = 6488*s + 6406. Determine d(-1).
-82
Let a(o) = -o**3 - o**2 + 150855*o - 452529. What is a(3)?
0
Let z(r) = -8*r - 759. What is z(-100)?
41
Let u(h) = 5*h**2 + 87*h + 46. Determine u(-26).
1164
Let s(p) = 3*p**2 + 6311*p + 107097. What is s(-17)?
677
Let l(h) = 109722*h + 1865311. Determine l(-17).
37
Let a(l) = l**2 + 64*l - 6871. Calculate a(53).
-670
Let q(c) = -c**3 - c**2 - 4917*c - 19719. What is q(-4)?
-3
Let p(q) = 7*q**2 + 32*q - 1579. What is p(13)?
20
Let r(f) = 6833*f**2 - 54661*f - 15. Give r(8).
9
Let m(z) = -159487*z - 5103577. Calculate m(-32).
7
Let p(r) = -14*r**2 - 266*r - 846. Give p(-21).
-1434
Let k(b) = 20*b**2 + 432*b - 226. Determine k(-20).
-866
Let b(a) = -a**2 - 229*a - 13419. Determine b(-89).
-959
Let p(t) = t**2 + 9217*t - 212639. Give p(23).
-119
Let o(s) = -9*s**3 - 28*s**2 - 128*s - 632. Give o(-4).
8
Let n(d) = -297*d - 17713. What is n(-60)?
107
Let t(y) = -y**3 + 296*y**2 + 69925*y + 3093. Determine t(-155).
-7
Let k(f) = 12*f**2 - 1311*f + 8320. Calculate k(102).
-554
Let u(q) = -q**3 + 30*q**2 + 1348*q - 33528. Determine u(22).
0
Let u(m) = -11976*m + 48461. Give u(4).
557
Let s(v) = -3*v**3 - 63*v**2 - 65*v - 1384. What is s(-21)?
-19
Let v(j) = 4*j**3 - 1319*j**2 - 4331*j + 674. Calculate v(333).
8
Let y(f) = 55*f**2 + 262*f - 803. Give y(3).
478
Let d(u) = u**2 + 57188*u + 1371941. Calculate d(-24).
5
Let z(h) = -h**3 - 65*h**2 - 93*h + 2012. Calculate z(-63).
-67
Let g(x) = -x**2 + 19769*x - 1477060. Give g(75).
-10
Let q(x) = -39*x - 467. Determine q(-16).
157
Let b(l) = -45*l**3 - 3916*l**2 - 67*l + 1749. Determine b(-87).
9
Let b(w) = 13*w**3 + 555*w**2 - 218*w - 1991. Give b(-43).
-13
Let b(x) = 3*x**2 + 74*x + 2195. What is b(-23)?
2080
Let z(n) = n**3 + 9*n**2 - 170*n - 1055. Determine z(-6).
73
Let a(g) = -26*g**3 + 4341*g**2 + 166*g + 200. Calculate a(167).
33
Let u(w) = -w**2 + 3323*w - 1043146. What is u(351)?
26
Let b(k) = -12476*k + 1260098. Give b(101).
22
Let v(h) = 2*h**3 + 137*h**2 - 72*h - 405. Give v(-69).
-198
Let p(u) = 294*u - 10889. What is p(36)?
-305
Let y(k) = -9*k**2 - 458*k - 3486. What is y(-14)?
1162
Let d(u) = 157*u + 25443. Give d(-130).
5033
Let g(z) = -360*z - 25232. Give g(-70).
-32
Let b(d) = d**3 + 27*d**2 + 109*d - 55. Determine b(-6).
47
Let f(t) = 207*t**2 - 329*t - 2. What is f(5)?
3528
Let f(p) = p**2 - 34978*p - 1716310. Determine f(-49).
13
Let i(b) = b**3 - 4305*b**2 + 30086*b + 15. Calculate i(7).
15
Let t(s) = -s**2 - 3046*s - 36431. Determine t(-12).
-23
Let y(h) = 8*h + 3033. What is y(-99)?
2241
Let o(z) = -z**2 - 17562*z + 70282. Give o(4).
18
Let b(i) = 7*i**2 + 341*i - 1726. Give b(5).
154
Let c(z) = 343*z**2 + 17373*z + 34745. Determine c(-2).
1371
Let s(a) = -32155*a + 160757. What is s(5)?
-18
Let j(h) = -342*h + 14871. What is j(36)?
2559
Let j(b) = -4925*b - 20. What is j(0)?
-20
Let g(m) = -m**3 - 334*m**2 + 11571*m + 3764065. What is g(-335)?
5
Let g(m) = 277*m + 4142. Calculate g(-15).
-13
Let w(m) = -1666*m - 7337. What is w(-6)?
2659
Let h(s) = 12*s**2 + 1152*s + 2259. Give h(-2).
3
Let o(f) = 66*f**3 + 20*f**2 + 47*f + 48. Calculate o(-1).
-45
Let q(u) = -63*u**3 - 3*u**2 + 457*u - 456. What is q(1)?
-65
Let g(x) = 13*x**3 - 702*x**2 - 10*x + 540. Determine g(54).
0
Let v(l) = -25*l**2 + 1269*l + 238. Give v(51).
-68
Let c(a) = -54*a**3 + 1188*a**2 + 11*a - 244. What is c(22)?
-2
Let d(i) = -4*i**2 - 448*i - 2445. What is d(-6)?
99
Let p(g) = 531*g**2 - 4808*g - 18. Calculate p(9).
-279
Let z(o) = o**3 + 2*o**2 + 4*o + 627. What is z(0)?
627
Let q(v) = -2131*v - 100137. Calculate q(-47).
20
Let a(v) = 37*v**2 + 1036*v + 224. What is a(-28)?
224
Let u(h) = 3233*h - 68002. Give u(21).
-109
Let y(c) = 3*c**3 + 12*c - 32. Give y(2).
16
Let u(b) = 33616*b + 235325. What is u(-7)?
13
Let f(m) = 7928*m**2 - 55469*m - 188. What is f(7)?
1
Let b(y) = -2*y**3 - 264*y**2 - 511*y + 1043. Give b(-130).
-127
Let b(r) = 11*r**3 + 90*r**2 - 83*r - 635. Give b(-8).
157
Let v(g) = 11229*g + 78591. What is v(-7)?
-12
Let n(t) = -97625*t - 976301. What is n(-10)?
-51
Let m(d) = -2*d**2 + 903525*d - 2710574. What is m(3)?
-17
Let w(o) = -54*o + 784. What is w(24)?
-512
Let d(k) = k**3 - 60*k**2 - 839*k - 8032. What is d(73)?
-2
Let t(u) = -21*u**2 - 5965*u - 245. What is t(-284)?
39
Let z(k) = 50*k**2 - 5791*k + 4327. Determine z(115).
-388
Let l(j) = -9*j**2 - 112*j - 1543. Calculate l(-9).
-1264
Let x(g) = 6*g**3 + 99*g**2 - 7*g + 108. Determine x(-16).
988
Let u(c) = -43*c**3 - 15*c**2 + 31*c + 1. Give u(2).
-341
Let g(b) = b**3 + 691*b**2 + 2856*b + 439. Determine g(-4).
7
Let s(y) = 2803*y + 647509. Give s(-231).
16
Let b(k) = -13451138*k + 26902288. Determine b(2).
12
Let v(f) = 1590*f + 19096. Calculate v(-12).
16
Let m(l) = -5282*l + 21140. Determine m(4).
12
Let i(s) = s**3 + 30*s**2 + 257*s + 532. What is i(-12)?
40
Let a(o) = o**2 - 1454*o + 44646. Give a(32).
-858
Let i(r) = r**3 - 27091*r**2 + r - 7. Give i(0).
-7
Let o(m) = 7*m**2 - 1765*m - 156. What is o(252)?
-408
Let n(b) = 716*b - 6340. Determine n(9).
104
Let u(a) = 2*a**3 + 46*a**2 - 2561*a - 631. Calculate u(-49).
6
Let m(o) = -13699*o + 164331. Calculate m(12).
-57
Let x(o) = -2789*o - 214875. Give x(-77).
-122
Let t(i) = 184*i**2 - 200*i + 41. Give t(2).
377
Let w(i) = -16754*i - 201064. Give w(-12).
-16
Let s(z) = -953*z - 517480. Determine s(-543).
-1
Let i(h) = h**3 + 1916*h**2 + 118525*h - 188. Give i(-64).
4
Let o(w) = w**3 - 58*w**2 - 115*w + 400. Give o(59).
-2904
Let c(f) = -5*f**2 + 328*f - 431. What is c(64)?
81
Let b(x) = -6*x**2 + 238*x - 75. Calculate b(40).
-155
Let r(l) = 7*l**3 + 116*l**2 - 54*l - 42. What is r(-17)?
9
Let u(k) = -k**3 + 23*k**2 + 125*k - 462. Give u(29).
-1883
Let m(s) = -s**3 + s**2 + 336*s - 21. Give m(18).
519
Let q(a) = 43720*a - 174876. What is q(4)?
4
Let r(k) = -42532*k - 14078050. Determine r(-331).
42
Let d(v) = -8586*v - 77384. What is d(-9)?
-110
Let x(a) = 6171*a + 14438. Give x(-2).
2096
Let p(i) = 71*i**2 - 6*i + 12. What is p(0)?
12
Let i(f) = 39*f**3 + 118*f**2 - 2*f + 15. Give i(-3).
30
Let i(f) = 2*f**3 + 125*f**2 - 38*f - 6173. Calculate i(-62).
27
Let u(m) = m**2 - 236318*m + 43920547. Give u(186).
-5
Let h(i) = i**2 - 1329*i + 28745. Calculate h(22).
-9
Let f(n) = n**2 + 29100*n + 407208. Give